{"id":279,"date":"2022-09-08T01:18:29","date_gmt":"2022-09-08T01:18:29","guid":{"rendered":"https:\/\/recursos.aethereus.mx\/?page_id=279"},"modified":"2024-09-10T16:15:55","modified_gmt":"2024-09-10T16:15:55","slug":"bibliotecas-digitales","status":"publish","type":"page","link":"https:\/\/recursos.aethereus.mx\/?page_id=279","title":{"rendered":"Bibliotecas Digitales"},"content":{"rendered":"<p>[et_pb_section fb_built=&#8221;1&#8243; _builder_version=&#8221;4.16&#8243; _module_preset=&#8221;default&#8221; global_colors_info=&#8221;{}&#8221;][et_pb_row _builder_version=&#8221;4.16&#8243; _module_preset=&#8221;default&#8221; global_colors_info=&#8221;{}&#8221;][et_pb_column type=&#8221;4_4&#8243; _builder_version=&#8221;4.16&#8243; _module_preset=&#8221;default&#8221; global_colors_info=&#8221;{}&#8221;][et_pb_text _builder_version=&#8221;4.16&#8243; _module_preset=&#8221;default&#8221; global_colors_info=&#8221;{}&#8221;]<\/p>\n<h1>BIBLIOTECAS DIGITALES<\/h1>\n<p>[\/et_pb_text][\/et_pb_column][\/et_pb_row][et_pb_row column_structure=&#8221;1_2,1_2&#8243; _builder_version=&#8221;4.16&#8243; _module_preset=&#8221;default&#8221; global_colors_info=&#8221;{}&#8221; admin_label=&#8221;Row&#8221;][et_pb_column type=&#8221;1_2&#8243; _builder_version=&#8221;4.16&#8243; _module_preset=&#8221;default&#8221; global_colors_info=&#8221;{}&#8221; admin_label=&#8221;Column&#8221;][et_pb_code _builder_version=&#8221;4.16&#8243; _module_preset=&#8221;default&#8221; hover_enabled=&#8221;0&#8243; global_colors_info=&#8221;{}&#8221; sticky_enabled=&#8221;0&#8243; disabled_on=&#8221;on|on|on&#8221; disabled=&#8221;on&#8221;]<iframe loading=\"lazy\" src=\"https:\/\/www.google.com\/maps\/d\/u\/0\/embed?mid=1loFpq9ULbSrzOLTcB8Lm352rXr2PIxk&#038;ehbc=2E312F\" width=\"640\" height=\"480\"><\/iframe>[\/et_pb_code][\/et_pb_column][et_pb_column type=&#8221;1_2&#8243; _builder_version=&#8221;4.16&#8243; _module_preset=&#8221;default&#8221; global_colors_info=&#8221;{}&#8221;][et_pb_text _builder_version=&#8221;4.16&#8243; _module_preset=&#8221;default&#8221; global_colors_info=&#8221;{}&#8221;]<\/p>\n<p>Convertimos bibliotecas p\u00fablicas en bibliotecas digitales equip\u00e1ndolas con un aula digital con computadoras y un pizarr\u00f3n electr\u00f3nico para impartir cursos de ciudadania digital, rob\u00f3tica y programaci\u00f3n; con computadoras port\u00e1tiles para que los usuarios consulten internet.<\/p>\n<p>Recuperamos digitalmente el espacio p\u00fablico poniendo mobiliario exterior e iluminaci\u00f3n adecuada para que los usuarios puedan consultar internet en sus dispositivos o en los del aula digital.<\/p>\n<p>Con estas bibliotecas acercamos servicios de conectividad de alta calidad a localidades marginadas, haciendo m\u00e1s iguales a los desiguales.<\/p>\n<p>[\/et_pb_text][\/et_pb_column][\/et_pb_row][\/et_pb_section]<\/p>\n","protected":false},"excerpt":{"rendered":"<p>BIBLIOTECAS DIGITALESConvertimos bibliotecas p\u00fablicas en bibliotecas digitales equip\u00e1ndolas con un aula digital con computadoras y un pizarr\u00f3n electr\u00f3nico para impartir cursos de ciudadania digital, rob\u00f3tica y programaci\u00f3n; con computadoras port\u00e1tiles para que los usuarios consulten internet. Recuperamos digitalmente el espacio p\u00fablico poniendo mobiliario exterior e iluminaci\u00f3n adecuada para que los usuarios puedan consultar internet en [&hellip;]<\/p>\n","protected":false},"author":1,"featured_media":0,"parent":0,"menu_order":0,"comment_status":"closed","ping_status":"closed","template":"","meta":{"_et_pb_use_builder":"on","_et_pb_old_content":"","_et_gb_content_width":"","footnotes":""},"class_list":["post-279","page","type-page","status-publish","hentry"],"_links":{"self":[{"href":"https:\/\/recursos.aethereus.mx\/index.php?rest_route=\/wp\/v2\/pages\/279","targetHints":{"allow":["GET"]}}],"collection":[{"href":"https:\/\/recursos.aethereus.mx\/index.php?rest_route=\/wp\/v2\/pages"}],"about":[{"href":"https:\/\/recursos.aethereus.mx\/index.php?rest_route=\/wp\/v2\/types\/page"}],"author":[{"embeddable":true,"href":"https:\/\/recursos.aethereus.mx\/index.php?rest_route=\/wp\/v2\/users\/1"}],"replies":[{"embeddable":true,"href":"https:\/\/recursos.aethereus.mx\/index.php?rest_route=%2Fwp%2Fv2%2Fcomments&post=279"}],"version-history":[{"count":7,"href":"https:\/\/recursos.aethereus.mx\/index.php?rest_route=\/wp\/v2\/pages\/279\/revisions"}],"predecessor-version":[{"id":1958,"href":"https:\/\/recursos.aethereus.mx\/index.php?rest_route=\/wp\/v2\/pages\/279\/revisions\/1958"}],"wp:attachment":[{"href":"https:\/\/recursos.aethereus.mx\/index.php?rest_route=%2Fwp%2Fv2%2Fmedia&parent=279"}],"curies":[{"name":"wp","href":"https:\/\/api.w.org\/{rel}","templated":true}]}}